{"id":9,"date":"2025-09-02T10:26:44","date_gmt":"2025-09-02T10:26:44","guid":{"rendered":"http:\/\/upvlb.be\/?page_id=9"},"modified":"2025-09-10T07:36:30","modified_gmt":"2025-09-10T07:36:30","slug":"en-construction","status":"publish","type":"page","link":"https:\/\/upvlb.be\/","title":{"rendered":"UP Notre-Dame des 6 clochers \u2013 Villers-le-Bouillet"},"content":{"rendered":"<p>[et_pb_section fb_built=\u00a0\u00bb1&Prime; admin_label=\u00a0\u00bbsection\u00a0\u00bb _builder_version=\u00a0\u00bb4.16&Prime; global_colors_info=\u00a0\u00bb{}\u00a0\u00bb][et_pb_row column_structure=\u00a0\u00bb1_2,1_2&Prime; admin_label=\u00a0\u00bbrow\u00a0\u00bb _builder_version=\u00a0\u00bb4.16&Prime; background_size=\u00a0\u00bbinitial\u00a0\u00bb background_position=\u00a0\u00bbtop_left\u00a0\u00bb background_repeat=\u00a0\u00bbrepeat\u00a0\u00bb global_colors_info=\u00a0\u00bb{}\u00a0\u00bb][et_pb_column type=\u00a0\u00bb1_2&Prime; _builder_version=\u00a0\u00bb4.16&Prime; custom_padding=\u00a0\u00bb|||\u00a0\u00bb global_colors_info=\u00a0\u00bb{}\u00a0\u00bb custom_padding__hover=\u00a0\u00bb|||\u00a0\u00bb][et_pb_image src=\u00a0\u00bbhttps:\/\/upvlb.be\/wp-content\/uploads\/2025\/09\/Villers-le-Bouillet_Petit.jpg\u00a0\u00bb title_text=\u00a0\u00bbFile written by Adobe Photoshop? 4.0&Prime; _builder_version=\u00a0\u00bb4.27.4&Prime; _module_preset=\u00a0\u00bbdefault\u00a0\u00bb hover_enabled=\u00a0\u00bb0&Prime; global_colors_info=\u00a0\u00bb{}\u00a0\u00bb sticky_enabled=\u00a0\u00bb0&Prime;][\/et_pb_image][et_pb_text _builder_version=\u00a0\u00bb4.27.4&Prime; _module_preset=\u00a0\u00bbdefault\u00a0\u00bb text_font_size=\u00a0\u00bb9px\u00a0\u00bb custom_margin=\u00a0\u00bb-29px|||||\u00a0\u00bb global_colors_info=\u00a0\u00bb{}\u00a0\u00bb]<\/p>\n<p>Eglise Saint-Martin \u00e0 Villers-le-Bouillet\u00a0 \u00a9 Jean-Pol GRANDMONT<\/p>\n<p>[\/et_pb_text][\/et_pb_column][et_pb_column type=\u00a0\u00bb1_2&Prime; _builder_version=\u00a0\u00bb4.16&Prime; custom_padding=\u00a0\u00bb|||\u00a0\u00bb global_colors_info=\u00a0\u00bb{}\u00a0\u00bb custom_padding__hover=\u00a0\u00bb|||\u00a0\u00bb][et_pb_text _builder_version=\u00a0\u00bb4.27.4&Prime; _module_preset=\u00a0\u00bbdefault\u00a0\u00bb custom_padding=\u00a0\u00bb64px||56px|||\u00a0\u00bb global_colors_info=\u00a0\u00bb{}\u00a0\u00bb]<\/p>\n<h1 style=\"text-align: center;\">UP Notre-Dame des 6 clochers &#8211; Villers-le-Bouillet<\/h1>\n<p>[\/et_pb_text][et_pb_text admin_label=\u00a0\u00bbText\u00a0\u00bb _builder_version=\u00a0\u00bb4.27.4&Prime; background_size=\u00a0\u00bbinitial\u00a0\u00bb background_position=\u00a0\u00bbtop_left\u00a0\u00bb background_repeat=\u00a0\u00bbrepeat\u00a0\u00bb min_height=\u00a0\u00bb170px\u00a0\u00bb global_colors_info=\u00a0\u00bb{}\u00a0\u00bb]<\/p>\n<p><!-- divi:paragraph --><em><span style=\"font-size: x-large;\">Pour toute information concernant notre unit\u00e9 paroissiale merci de nous contacter <\/span><\/em><\/p>\n<ul>\n<li><em><span style=\"font-size: x-large;\">sur <a href=\"mailto:info@upvlb.be\">info@upvlb.be<\/a> <\/span><\/em><\/li>\n<li><em><span style=\"font-size: x-large;\">par t\u00e9l\u00e9phone au +32 494 19 99 82.<\/span><\/em><\/li>\n<\/ul>\n<p>&nbsp;<\/p>\n<p>&nbsp;<\/p>\n<p><!-- \/divi:paragraph --><\/p>\n<p>[\/et_pb_text][\/et_pb_column][\/et_pb_row][\/et_pb_section]<\/p>\n","protected":false},"excerpt":{"rendered":"<p>Eglise Saint-Martin \u00e0 Villers-le-Bouillet\u00a0 \u00a9 Jean-Pol GRANDMONTUP Notre-Dame des 6 clochers &#8211; Villers-le-BouilletPour toute information concernant notre unit\u00e9 paroissiale merci de nous contacter sur info@upvlb.be par t\u00e9l\u00e9phone au +32 494 19 99 82. &nbsp; &nbsp;<\/p>\n","protected":false},"author":1,"featured_media":0,"parent":0,"menu_order":0,"comment_status":"closed","ping_status":"closed","template":"page-template-blank.php","meta":{"_et_pb_use_builder":"on","_et_pb_old_content":"<!-- wp:paragraph -->\n<p>Ce site est en cours de construction. Pour toute information concernant notre unit\u00e9 paroissiale merci de nous contacter sur info@upvlb.be <\/p>\n<!-- \/wp:paragraph -->","_et_gb_content_width":"","footnotes":""},"class_list":["post-9","page","type-page","status-publish","hentry"],"_links":{"self":[{"href":"https:\/\/upvlb.be\/index.php\/wp-json\/wp\/v2\/pages\/9","targetHints":{"allow":["GET"]}}],"collection":[{"href":"https:\/\/upvlb.be\/index.php\/wp-json\/wp\/v2\/pages"}],"about":[{"href":"https:\/\/upvlb.be\/index.php\/wp-json\/wp\/v2\/types\/page"}],"author":[{"embeddable":true,"href":"https:\/\/upvlb.be\/index.php\/wp-json\/wp\/v2\/users\/1"}],"replies":[{"embeddable":true,"href":"https:\/\/upvlb.be\/index.php\/wp-json\/wp\/v2\/comments?post=9"}],"version-history":[{"count":8,"href":"https:\/\/upvlb.be\/index.php\/wp-json\/wp\/v2\/pages\/9\/revisions"}],"predecessor-version":[{"id":25,"href":"https:\/\/upvlb.be\/index.php\/wp-json\/wp\/v2\/pages\/9\/revisions\/25"}],"wp:attachment":[{"href":"https:\/\/upvlb.be\/index.php\/wp-json\/wp\/v2\/media?parent=9"}],"curies":[{"name":"wp","href":"https:\/\/api.w.org\/{rel}","templated":true}]}}

<p>[et_pb_section fb_built= »1&Prime; admin_label= »section » _builder_version= »4.16&Prime; global_colors_info= »{} »][et_pb_row column_structure= »1_2,1_2&Prime; admin_label= »row » _builder_version= »4.16&Prime; background_size= »initial » background_position= »top_left » background_repeat= »repeat » global_colors_info= »{} »][et_pb_column type= »1_2&Prime; _builder_version= »4.16&Prime; custom_padding= »||| » global_colors_info= »{} » custom_padding__hover= »||| »][et_pb_image src= »https://upvlb.be/wp-content/uploads/2025/09/Villers-le-Bouillet_Petit.jpg » title_text= »File written by Adobe Photoshop? 4.0&Prime; _builder_version= »4.27.4&Prime; _module_preset= »default » hover_enabled= »0&Prime; global_colors_info= »{} » sticky_enabled= »0&Prime;][/et_pb_image][et_pb_text _builder_version= »4.27.4&Prime; _module_preset= »default » text_font_size= »9px » custom_margin= »-29px||||| » global_colors_info= »{} »]</p>
<p>Eglise Saint-Martin à Villers-le-Bouillet  © Jean-Pol GRANDMONT</p>
<p>[/et_pb_text][/et_pb_column][et_pb_column type= »1_2&Prime; _builder_version= »4.16&Prime; custom_padding= »||| » global_colors_info= »{} » custom_padding__hover= »||| »][et_pb_text _builder_version= »4.27.4&Prime; _module_preset= »default » custom_padding= »64px||56px||| » global_colors_info= »{} »]</p>
<h1 style="text-align: center;">UP Notre-Dame des 6 clochers &#8211; Villers-le-Bouillet</h1>
<p>[/et_pb_text][et_pb_text admin_label= »Text » _builder_version= »4.27.4&Prime; background_size= »initial » background_position= »top_left » background_repeat= »repeat » min_height= »170px » global_colors_info= »{} »]</p>
<p><!-- divi:paragraph --><em><span style="font-size: x-large;">Pour toute information concernant notre unité paroissiale merci de nous contacter </span></em></p>
<ul>
<li><em><span style="font-size: x-large;">sur <a href="mailto:info@upvlb.be">info@upvlb.be</a> </span></em></li>
<li><em><span style="font-size: x-large;">par téléphone au +32 494 19 99 82.</span></em></li>
</ul>
<p>&nbsp;</p>
<p>&nbsp;</p>
<p><!-- /divi:paragraph --></p>
<p>[/et_pb_text][/et_pb_column][/et_pb_row][/et_pb_section]</p>

<p>Eglise Saint-Martin à Villers-le-Bouillet  © Jean-Pol GRANDMONTUP Notre-Dame des 6 clochers &#8211; Villers-le-BouilletPour toute information concernant notre unité paroissiale merci de nous contacter sur info@upvlb.be par téléphone au +32 494 19 99 82. &nbsp; &nbsp;</p>

<!-- wp:paragraph -->
<p>Ce site est en cours de construction. Pour toute information concernant notre unité paroissiale merci de nous contacter sur info@upvlb.be </p>
<!-- /wp:paragraph -->
